{"id":23,"date":"2020-09-29T10:40:37","date_gmt":"2020-09-29T10:40:37","guid":{"rendered":"https:\/\/psicopedagogiaenred.com\/?page_id=23"},"modified":"2021-03-21T16:40:48","modified_gmt":"2021-03-21T16:40:48","slug":"conocenos","status":"publish","type":"page","link":"https:\/\/psicopedagogiaenred.com\/index.php\/conocenos\/","title":{"rendered":"Con\u00f3cenos"},"content":{"rendered":"\n<p><strong>\u00bfQu\u00e9 es Psicopedagog\u00eda En Red?<\/strong> <br>Psicopedagog\u00eda en Red es una organizaci\u00f3n humana con fines educativos.\u00a0\u00a0<\/p>\n\n\n\n<p><\/p>\n\n\n\n<p><strong>\u00bfQui\u00e9nes somos?<\/strong><br>Somos un equipo de trabajo interdiciplinario e intercultural de Psicopedagog@s, Fonoaudi\u00f3log@s, Psic\u00f3log@s, Psic\u00f3log@s Sociales y Coaches, comprometidos en la b\u00fasqueda continua de la mejora profesional. <\/p>\n\n\n\n<p><\/p>\n\n\n\n<p><strong>Nuestra Misi\u00f3n<\/strong><\/p>\n\n\n\n<p>A trav\u00e9s de nuestros cursos, capacitaciones, diplomados y webinars, buscamos ayudar a la comunidad de psicopedagog@s, como as\u00ed tambi\u00e9n a las distintas profesiones que interact\u00faan de manera interdisciplinaria, a fortalecer y ampliar sus fronteras profesionales, adquirir nuevos conocimientos, capacidades, competencias y habilidades. <\/p>\n\n\n\n<p><\/p>\n\n\n\n<p><strong>Nuestra Visi\u00f3n<\/strong><\/p>\n\n\n\n<p>Que el profesional de la Psicopedagog\u00eda acompa\u00f1e al sujeto en las distintas etapas evolutivas, abordando cada \u00e1mbito en los que aprende, siendo posible comprender la participaci\u00f3n de los aspectos afectivos, cognoscitivos y del medio.<\/p>\n\n\n\n<p><strong>Nuestros Valores<\/strong><\/p>\n\n\n\n<p>Valoramos el trabajo en equipo, el respeto por el otro, el impacto que genera nuestro accionar en la comunidad, el compromiso en el desarrollo te\u00f3rico de nuevos \u00e1mbitos de intervenci\u00f3n y la escucha para con quienes solicitan nuestro servicio. <\/p>\n","protected":false},"excerpt":{"rendered":"<p>\u00bfQu\u00e9 es Psicopedagog\u00eda En Red? Psicopedagog\u00eda en Red es una organizaci\u00f3n humana con fines educativos.\u00a0\u00a0 \u00bfQui\u00e9nes somos?Somos un equipo de trabajo interdiciplinario e intercultural de Psicopedagog@s, Fonoaudi\u00f3log@s, Psic\u00f3log@s, Psic\u00f3log@s Sociales y Coaches, comprometidos en la b\u00fasqueda continua de la mejora profesional. Nuestra Misi\u00f3n A trav\u00e9s de nuestros cursos, capacitaciones, diplomados y webinars, buscamos ayudar a [&hellip;]<\/p>\n","protected":false},"author":1,"featured_media":0,"parent":0,"menu_order":0,"comment_status":"closed","ping_status":"closed","template":"","meta":{"footnotes":""},"class_list":["post-23","page","type-page","status-publish","hentry"],"_links":{"self":[{"href":"https:\/\/psicopedagogiaenred.com\/index.php\/wp-json\/wp\/v2\/pages\/23","targetHints":{"allow":["GET"]}}],"collection":[{"href":"https:\/\/psicopedagogiaenred.com\/index.php\/wp-json\/wp\/v2\/pages"}],"about":[{"href":"https:\/\/psicopedagogiaenred.com\/index.php\/wp-json\/wp\/v2\/types\/page"}],"author":[{"embeddable":true,"href":"https:\/\/psicopedagogiaenred.com\/index.php\/wp-json\/wp\/v2\/users\/1"}],"replies":[{"embeddable":true,"href":"https:\/\/psicopedagogiaenred.com\/index.php\/wp-json\/wp\/v2\/comments?post=23"}],"version-history":[{"count":26,"href":"https:\/\/psicopedagogiaenred.com\/index.php\/wp-json\/wp\/v2\/pages\/23\/revisions"}],"predecessor-version":[{"id":236,"href":"https:\/\/psicopedagogiaenred.com\/index.php\/wp-json\/wp\/v2\/pages\/23\/revisions\/236"}],"wp:attachment":[{"href":"https:\/\/psicopedagogiaenred.com\/index.php\/wp-json\/wp\/v2\/media?parent=23"}],"curies":[{"name":"wp","href":"https:\/\/api.w.org\/{rel}","templated":true}]}}